
What is -27664a (base 14) in base 8?
-5144532
What is 2255550 (base 8) in base 5?
124110344
What is -55b9c (base 14) in base 16?
-32cde
252423 (base 8) to base 3
11102202220
What is 5630220 (base 7) in base 4?
2222001102
Convert -1775a8 (base 11) to base 5.
-32223303
What is -140508 (base 9) in base 14?
-2333c
Convert -1706024 (base 8) to base 7.
-4130006
Convert -1b3809 (base 15) to base 5.
-320000214
Convert 663a66 (base 13) to base 9.
4468407
Convert -313706 (base 8) to base 9.
-168168
-2886530 (base 9) to base 10
-1592568
Convert 203222130 (base 4) to base 14.
3b340
Convert 80e5d (base 15) to base 6.
12425554
-325c7 (base 13) to base 12
-44865
3225552 (base 7) to base 6
12233040
-246b99 (base 14) to base 4
-10300231003
What is -51605215 (base 7) in base 9?
-8141584
-1111110010110101 (base 2) to base 4
-33302311
Convert 12221550 (base 6) to base 9.
656423
Convert -20511 (base 15) to base 14.
-29459
-5b817 (base 15) to base 7
-2324344
631291 (base 15) to base 14
8a9338
Convert 113302130 (base 4) to base 14.
2771a
What is 111101000000110 (base 2) in base 16?
7a06
What is 326287 (base 12) in base 3?
1111120122111
Convert 1027892 (base 13) to base 6.
253012445
-21312123011 (base 4) to base 16
-2766c5
11832709 (base 10) to base 13
25b3b05
Convert -178a46 (base 11) to base 5.
-32303241
223211355 (base 6) to base 14
78174b
-45503105 (base 6) to base 5
-324030333
Convert -1221210312 (base 4) to base 14.
-b3846
What is -232014023 (base 6) in base 8?
-20303577
What is -1076db (base 14) in base 2?
-10001000010101000001
Convert -1290902 (base 10) to base 4.
-10323022112
Convert -13cfd0 (base 16) to base 8.
-4747720
Convert 3917162 (base 11) to base 14.
c89c1b
Convert -230211133 (base 4) to base 10.
-182623
-2002023 (base 6) to base 11
-64496
Convert 19dfd (base 16) to base 14.
2a8a1
What is -1140444341 (base 5) in base 8?
-12142346
Convert 3d1ef (base 16) to base 3.
110201102021
Convert -1564ba (base 14) to base 9.
-1358111
Convert 1ed010 (base 16) to base 9.
3717015
Convert -4366606 (base 8) to base 12.
-487b1a
What is -40aca (base 13) in base 16?
-1c584
-572399 (base 11) to base 9
-1637433
-10646636 (base 7) to base 15
-137698
What is -181294 (base 10) in base 12?
-88aba
What is -1ae652 (base 15) in base 6?
-44100422
Convert -1a8d6 (base 15) to base 9.
-141433
Convert -1053254 (base 6) to base 13.
-1b6b5
28505 (base 12) to base 3
2211211212
3441343 (base 5) to base 3
10011011221
What is -2010202021202 (base 3) in base 6?
-40210332
1173003 (base 9) to base 7
5266554
What is -3301443411 (base 5) in base 13?
-1603712
What is -1011010011001001 (base 2) in base 16?
-b4c9
-5403a (base 13) to base 14
-3d398
2140010 (base 8) to base 13
171025
30234 (base 9) to base 16
4da4
What is -101011111110010111 (base 2) in base 8?
-537627
What is 1786931 (base 12) in base 7?
56460310
32303332333 (base 4) to base 11
2212349
-14424523 (base 7) to base 15
-1c041d
Convert 50ebd (base 16) to base 7.
2550223
What is -2242412 (base 7) in base 15?
-57bc2
-192a45 (base 12) to base 7
-3512660
What is -71753 (base 9) in base 15?
-e016
-4042440 (base 6) to base 3
-100202221020
Convert -110101011101011010100001 (base 2) to base 6.
-1220212053
What is -438902 (base 10) in base 8?
-1531166
What is 1573328 (base 9) in base 15?
12442e
What is 21002101222 (base 3) in base 6?
2553555
-6618b (base 13) to base 5
-21403312
What is -223203312 (base 4) in base 5?
-21202142
Convert -50150141 (base 6) to base 13.
-3a67b0
1011001011011001 (base 2) to base 4
23023121
-21d02 (base 14) to base 11
-56780
Convert -101100100001100010 (base 2) to base 16.
-2c862
-2c31a42 (base 13) to base 4
-312022133212
Convert 20506 (base 7) to base 14.
1bad
15342213 (base 6) to base 5
114322431
What is 2445632 (base 10) in base 9?
4536688
Convert -200022011122 (base 3) to base 14.
-95403
-3889b (base 16) to base 13
-8153a
What is 12232102 (base 4) in base 13?
c6c4
Convert -c35c6 (base 14) to base 7.
-3666236
Convert -23003145 (base 6) to base 15.
-dc888
What is 45001312 (base 7) in base 5?
1443223131
Convert 10e021 (base 15) to base 7.
6566524
What is -31212132311 (base 4) in base 11?
-2015898
What is -130023123 (base 5) in base 13?
-18c30b
-26351 (base 11) to base 4
-21030313
Convert 40430133 (base 6) to base 14.
220bb3
Convert -24aa9b (base 12) to base 2.
-10010010010110010111
-210143306 (base 7) to base 15
-1148578
-28287f (base 16) to base 13
-711ba9
13443223 (base 5) to base 8
422226
Convert -12818346 (base 9) to base 6.
-343405453
What is 1773025 (base 11) in base 12?
100b301
Convert -4016 (base 16) to base 7.
-65555
31322322213 (base 4) to base 12
127b973
Convert 1212111002120 (base 3) to base 8.
3624640
What is -3397a79 (base 11) in base 5?
-3010041333
Convert -103113 (base 8) to base 2.
-1000011001001011
-101011100010000101 (base 2) to base 8
-534205
-344585 (base 9) to base 5
-23104124
-101211012110 (base 3) to base 12
-a3333
Convert 2210503 (base 7) to base 3.
111210111211
Convert 6416 (base 10) to base 4.
1210100
Convert 10011022010 (base 3) to base 13.
223c5
Convert 20021112222 (base 4) to base 10.
2135466
What is 435231 (base 6) in base 7?
210301
What is -1906f (base 16) in base 3?
-12012121201
-1761769 (base 11) to base 15
-3e097c
What is -24046 (base 12) in base 10?
-48438
Convert 22111322 (base 5) to base 7.
1425125
3314122 (base 5) to base 12
29284
-1cd2 (base 15) to base 13
-2b16
Convert 323211132 (base 5) to base 16.
15169a
Convert 2606270 (base 9) to base 10.
1421775
Convert -a3b20 (base 12) to base 13.
-76623
Convert 13902a6 (base 15) to base 2.
110101111000011110110101
Convert -92553 (base 11) to base 3.
-20212022111
Convert -11100000001100111010110 (base 2) to base 5.
-3340043041
What is -351043 (base 6) in base 14?
-ad47
What is 1916e1 (base 15) in base 10?
1219936
What is 254443104 (base 6) in base 3?
100101010201111
Convert -204926 (base 12) to base 3.
-221200222010
What is 1a808 (base 13) in base 4?
30222303
What is 248b35 (base 14) in base 13?
34b6c7
421041234 (base 5) to base 9
3236726
279371 (base 11) to base 6
13211105
db054 (base 14) to base 4
2001110002
What is -2a614d (base 15) in base 9?
-3756861
Convert -1230000221 (base 5) to base 7.
-34143266
-272c1c (base 13) to base 4
-3213223200
What is -1476bca (base 13) in base 16?
-63988b
-11111000111101010110011 (base 2) to base 10
-8157875
336002 (base 7) to base 10
59684
313022413 (base 6) to base 15
72d539
310011 (base 7) to base 12
266a6
What is -34225 (base 7) in base 8?
-20764
-33456230 (base 7) to base 15
-3c5b0b
-5255222 (base 8) to base 6
-45554522
What is 2587498 (base 11) in base 14?
846da5
-220213102 (base 4) to base 5
-20310404
Convert 6701e2 (base 16) to base 11.
38a0991
Convert 1e71b (base 15) to base 6.
2044312
What is 24276 (base 14) in base 12?
43128
Convert -1527710 (base 8) to base 9.
-737106
What is -397182 (base 10) in base 6?
-12302450
126562 (base 7) to base 16
5d94
What is -1201201101 (base 4) in base 16?
-61851
Convert 5d62ac (base 15) to base 7.
53021106
450030 (base 11) to base 12
2a722a
Convert 1001100101001101111100 (base 2) to base 7.
30230600
1140412 (base 6) to base 10
59768
What is 122114 (base 7) in base 11?
15883
1516b4 (base 12) to base 9
601261
1364776 (base 8) to base 15
79c8c
Convert 3121002002 (base 4) to base 14.
191d74
-1561315 (base 13) to base 7
-112200211
Convert 5b8a7 (base 12) to base 8.
362077
Convert 1001212022102 (base 3) to base 5.
121134433
12b14ab (base 14) to base 12
303663b
Convert -842181 (base 11) to base 10.
-1349844
Convert -1963135 (base 10) to base 12.
-7a80a7
Convert -1c7951 (base 13) to base 14.
-150579
Convert -122010012212002 (base 3) to base 6.
-522555302
-1da5b1 (base 15) to base 8
-5424775
Convert 1130665 (base 7) to base 14.
39a6c
Convert -14322120 (base 5) to base 13.
-53c87
Convert -30220322222 (base 4) to base 15.
-456ad2
What is -d34b85 (base 14) in base 3?
-111101202002110
4525010 (base 10) to base 12
1622782
What is 3600306 (base 8) in base 3?
1211221202020
Convert -645353 (base 8) to base 2.
-110100101011101011
What is -10111001111011010 (base 2) in base 8?
-271732
What is 8009aa (base 11) in base 15?
1a7197
What is -474482 (base 9) in base 13?
-9cbc9
What is 57873c (base 15) in base 13?
b34705
What is 6352665 (base 7) in base 11?
486027
Convert -4122124 (